 tens digit of k(-7)?
5
Suppose 4*h - 5*h + 3 = 0. Suppose 0 = 5*b - 12 - h. Suppose b*g = -2*g + 115. What is the tens digit of g?
2
Suppose -4*n = u - 6013, -5*u = 3*n - n - 30083. What is the thousands digit of u?
6
Suppose -23*r + 45459 = -76763. What is the thousands digit of r?
5
Suppose 5*d - 2254 = -574. What is the tens digit of d?
3
Let i(o) = -3*o**3 + 6*o**2 + 4*o - 8. Let j(h) = -2*h**3 + 3*h**2 + 2*h - 4. Let u(r) = -2*i(r) + 5*j(r). What is the units digit of u(-3)?
5
Let i be -3 + 465/65 + 4/(-26). Suppose -i*u - 61 = -593. What is the units digit of u?
3
Let c = -146 - -411. What is the tens digit of c?
6
Suppose -2*h = 2, 4*o + 3*h - 2*h - 27 = 0. Let p(f) = -f + 10. Let i be p(o). Suppose -5*t = 2*y - 125, 0*y = -i*y. What is the tens digit of t?
2
Let m be ((-2)/7*6)/(2/(-273)). Let c = -6 - -8. Suppose -4*i - c*i = -m. What is the tens digit of i?
3
Let d = 3 - -2. Suppose z + 4*x = 11, d*z + 4*x - 3 - 20 = 0. Suppose -58 = -z*u - v, 0 = -4*u - v - 3*v + 88. What is the tens digit of u?
1
Suppose 41 = 15*o - 4. Suppose -4*a + z = -479, 4*a - 108 = -o*z + 375. What is the hundreds digit of a?
1
Let t = 24 + -27. Let p be (t + 1)*(-6)/(-4). What is the units digit of (1 + p)/(6/(-12))?
4
Suppose k = a - 409, 2*k = 5*a + k - 2033. What is the units digit of a?
6
Let p(m) = -9*m - 6. Let u be p(-2). Let q(k) = k**2 - 5*k + 4. What is the tens digit of q(u)?
8
Suppose 0 = -7*r + 3*r + 20, 5*r + 1214 = 3*h. What is the hundreds digit of h?
4
Let p be 12/4 - 23 - 4. Let s be (p/(-12))/((-2)/22). Let y = s + 24. What is the units digit of y?
2
Suppose 141 + 55 = 4*n. Let y = 133 - n. What is the units digit of (y/(-10))/((-18)/60)?
8
Let i = 3739 + -2627. What is the hundreds digit of i?
1
Suppose 0 = -23*f + 3*f + 700. What is the tens digit of f?
3
Let g = -17 - -18. Suppose -5*d = 5*t - 44 - g, 0 = 4*d + t - 21. Suppose -5*w = v - 2*v - 72, d*w - 66 = -2*v. What is the units digit of w?
5
Suppose 0 = 3*x - 5 - 7. Suppose x*o + 0*o = -5*d + 673, d - 140 = o. Let c = d - 71. What is the tens digit of c?
6
Suppose -z + 1 = 15. Let o = -8 - z. What is the units digit of (-3)/o - (-19)/2?
9
Let f be (-1 - -2)/(1/115). Let h = f - 50. What is the tens digit of h?
6
What is the tens digit of (-28)/140 + (-2766)/(-5)?
5
Let a(h) = -h**3 + 5*h**2. Let k be a(5). What is the hundreds digit of (2 + k + 105)*5/5?
1
Let x = 99 + -71. Let q = 31 + x. Let g = q - 30. What is the tens digit of g?
2
Let g(m) = -22*m**2 - 3*m + 2. Let z be g(1). Let k = 46 + z. What is the tens digit of k?
2
Let b = -7 + 45. Let k = 24 + b. What is the tens digit of k?
6
Suppose 0 = -4*g + 9*g - 255. What is the units digit of g?
1
Let n(x) = -3*x + 172. What is the tens digit of n(26)?
9
Let u be 1 - 4 - 18/(-3). Suppose -4*y + y - 9 = 0, w - u*y = 26. What is the tens digit of w?
1
What is the units digit of (-2698)/(-4) + (-27)/(-54)?
5
Suppose -3*r + 2*r + 3*r = 0. Suppose -5*g - q = -598, r*g + 3*g - 2*q - 351 = 0. What is the units digit of g?
9
Suppose 1 = -x - 2*p - 9, -4*p = 5*x + 32. Let z(m) = -m**3 + 4*m - 1. What is the tens digit of z(x)?
4
Let l = -2109 - -3087. What is the hundreds digit of l?
9
Suppose 3*b = 5*b - 24. Suppose 0 = 4*x + b, -72 - 72 = -5*u + 3*x. What is the tens digit of 18/u - 188/(-6)?
3
Suppose 290 = i + 2*j, -j - 426 = -2*i + 129. Suppose -2*b + i = 5*q - b, 0 = 4*q + 2*b - 230. What is the tens digit of q?
5
What is the tens digit of (-3)/1 - 6 - -1402?
9
Suppose 3*n - 44 = -20. Suppose -24 = -x - 4*r + n*r, -3*x + 5*r = -72. What is the units digit of x?
4
Suppose 2*q = 4*p - 726, p - 232 = -2*q - 48. What is the units digit of p?
2
Let y be (0 + 18/12)*2. Let w = -69 + 133. Suppose -f + w = y*f. What is the units digit of f?
6
Let m(u) = 5*u**2 + 15*u + 9. Let l(p) = -4*p**2 - 14*p - 8. Let t(z) = -6*l(z) - 5*m(z). Let g = 6 + -1. What is the tens digit of t(g)?
2
Suppose j + 3*h - 371 = 0, 1484 = 4*j - 0*j - 5*h. What is the tens digit of j?
7
Suppose 147 = -6*z + 7*z. Suppose -27 = -3*l + z. What is the tens digit of l?
5
Let r(q) = 3*q**2 - 1 - 3 - 8*q - q**2 - 3*q**2. Let i be r(-8). What is the tens digit of 3 + i/((-16)/76)?
2
Let q be (-8)/(-12)*(-9)/6. Let v be (-6 - -5)*q*13. Suppose -5*k + 22 = -3*m + 61, -k = m - v. What is the units digit of m?
3
Let n = -297 - -486. Let k be (-1)/4 - n/28. Let r = 8 + k. What is the units digit of r?
1
Suppose -30 = -5*k + 5*q, -q + 4 = -3*k + 18. Let l be (k/6)/(4/18). What is the units digit of ((-207)/6)/(l/(-4))?
6
Suppose 20 = 4*h, 0*s - 3 = -s + h. Let q(v) = v**3 - 6*v**2 - 13*v + 19. What is the tens digit of q(s)?
4
Suppose 19*f - 8652 = 7118. What is the hundreds digit of f?
8
Let y = -115 - -118. Suppose -5*f - 1029 = -9*f + y*h, -1 = -h. What is the hundreds digit of f?
2
Suppose -g - 2539 = -m, 14*m - 7613 = 11*m + 4*g. What is the units digit of m?
3
Suppose 2*n - 4*z = -182, 0*n - 4*z - 441 = 5*n. Let h = n + 192. What is the hundreds digit of h?
1
Suppose 21 = -4*l - 23. What is the tens digit of (l/((-385)/620))/((-2)/(-7))?
6
Let j(f) be the third derivative of f**4/12 - 5*f**3/6 + 7*f**2. Let v be j(4). Suppose v*c - 20 = -c. What is the units digit of c?
5
Let d(p) = -4*p**2 + 16*p - 7. Let z(s) = -7*s**2 + 30*s - 13. Let l(g) = -11*d(g) + 6*z(g). Let t be (-4)/14 - (-26)/(-7). What is the units digit of l(t)?
5
Let h = 0 + -1. Let b = 1 - h. What is the units digit of 1*(8 + -3) + b?
7
Let f = 282 - 147. Suppose 0 = 2*d + d + 3*n - f, 3*d = 2*n + 135. What is the tens digit of d?
4
Let x = 2709 + -1765. What is the units digit of x?
4
Let z = -158 + 390. What is the tens digit of z?
3
Let y = 178 - 165. Suppose -6*d + y*d = 2100. What is the hundreds digit of d?
3
Let n(k) = 22*k + 1. Let u(i) = 21*i + 2. Let a(q) = 5*n(q) - 6*u(q). What is the tens digit of a(-16)?
4
Let q be (0 + 1)*-2 + 3. What is the tens digit of (q + 0 + 4)*16?
8
Suppose -2*m + 15 = m, -3*x + 1178 = 4*m. Suppose -x = -4*g - 5*k, -5*g + 478 = 7*k - 3*k. What is the tens digit of g?
9
Suppose s - 5*s = -8. What is the tens digit of (s*4/(-24))/(1/(-426))?
4
Let z(h) = 65*h + 33. What is the tens digit of z(10)?
8
Suppose -76 - 49 = -5*x. Let d = 9 + x. What is the tens digit of d?
3
Suppose -5*t + 1183 = 2*a, -4*a + 4*t - 1365 = -3717. What is the units digit of a?
9
What is the tens digit of (-130)/(-3)*-9*126/(-135)?
6
What is the hundreds digit of (919 - -24) + 1*8?
9
Let t = -47 + 117. What is the units digit of (-4)/(-10) + 1792/t?
6
Let o(w) = w**2 - 13*w + 26. Let j be o(11). Let y(t) = t**3 - t**2 + 7*t - 8. What is the tens digit of y(j)?
6
Let g be (-1)/(4/(-24)) + -4. What is the tens digit of ((-14)/(-21))/(g/57)?
1
What is the units digit of 15/(15/802) + -8?
4
Let g(z) = -z + 18. Let c be g(8). Suppose 7*t - c*t = -69. What is the tens digit of t?
2
Let g(o) = 4*o**2 + 4*o + 12. Let t(r) = r**3 + 13*r**2 - r - 9. Let d be t(-13). What is the units digit of g(d)?
2
Suppose -4*j - 1 + 9 = 0. Suppose 3*g + 3*m = -3, -g - j*m + 24 = -6*m. What is the units digit of -6*((-18)/g + 3)?
9
Let l = -85 + 121. Let u be 5 - (9/3 + -1). Suppose -d + l = -u. What is the tens digit of d?
3
Let w = 12 + -22. Let g = w + 10. Suppose g = 2*b + 5*i - 41, 6*i - 76 = -4*b + 2*i. What is the tens digit of b?
1
Let n = 11 + -9. Suppose -18 + 106 = n*b. What is the tens digit of b?
4
Let i = -74 + 79. Suppose -j - i*v = -205, j + 2*v + 776 = 5*j. What is the hundreds digit of j?
1
Suppose -8801 = -11*s + 1924. What is the units digit of s?
5
Let w(z) = -z**2 + 7*z + 13. Let o be w(8). Suppose 0 = o*a - 7*a + 62. What is the tens digit of a?
3
Suppose g - 4*w - 450 = 0, -2*g + 4*w = 6*w - 920. Suppose -3*k + 5*k + g = 4*x, 0 = 5*x + k - 590. What is the tens digit of x?
1
Suppose -4*p + 95 = -y, -78 = -0*p - 3*p + 3*y. Let r = 38 - p. What is the tens digit of r?
1
Suppose -3*v - 6 = 0, 2*v + 1701 - 204 = n. What is the tens digit of n?
9
Suppose 4*b + 15 = 9*b, 2*n - 2*b - 756 = 0. What is the hundreds digit of n?
3
Let r = 976 - 640. What is the hundreds digit of r?
3
Let a be ((-6)/9)/(3/(-54)). Let x be 5*12/20 - 1. Suppose -28 = -x*i - a. What is the units digit of i?
8
Suppose -3*d - 3 = -k, -2*k + 9 = k - 5*d. Suppose 280 - 4 = k*z. Suppose 4*m - 115 = -5*j, -6*j + m = -2*j - z. What 